
3
What is the highest common factor of 4787 and 17?
1
Calculate the highest common divisor of 127 and 5.
1
What is the highest common factor of 18216 and 360?
72
What is the greatest common divisor of 14306 and 32936?
46
Calculate the greatest common divisor of 420 and 29220.
60
Calculate the highest common factor of 15 and 2429655.
15
Calculate the highest common factor of 127248 and 396.
132
What is the greatest common factor of 261396 and 12604?
548
Calculate the highest common factor of 81 and 3245400.
27
Calculate the greatest common divisor of 15 and 12984.
3
Calculate the greatest common divisor of 256 and 26976.
32
What is the highest common factor of 96 and 801120?
96
What is the highest common divisor of 10010814 and 11?
11
What is the greatest common divisor of 15134 and 84882?
658
Calculate the highest common divisor of 72 and 1248894.
18
Calculate the greatest common divisor of 414 and 46.
46
What is the greatest common factor of 9550 and 32088?
382
What is the greatest common divisor of 61348 and 980?
196
Calculate the greatest common divisor of 1725 and 300.
75
What is the greatest common factor of 947085 and 19055?
515
Calculate the highest common factor of 152209 and 589.
19
Calculate the highest common factor of 5587 and 4832.
151
Calculate the highest common factor of 520 and 283240.
40
Calculate the greatest common factor of 635 and 2891790.
635
Calculate the greatest common factor of 2 and 314795.
1
Calculate the highest common divisor of 115456 and 1968.
656
What is the greatest common factor of 38082 and 18?
6
What is the greatest common factor of 4710 and 430?
10
Calculate the greatest common divisor of 112 and 196616.
56
Calculate the highest common factor of 1274856 and 10164.
1452
What is the highest common divisor of 170867 and 2185?
437
Calculate the greatest common factor of 360 and 4640.
40
Calculate the highest common factor of 6728 and 14500.
116
What is the greatest common factor of 10547 and 16112?
53
What is the highest common divisor of 79993 and 5748?
479
What is the highest common factor of 920 and 391276?
92
What is the highest common factor of 28 and 120568?
28
Calculate the highest common divisor of 2739 and 2244.
33
Calculate the greatest common factor of 1792 and 84504.
56
What is the greatest common factor of 953664 and 24?
24
What is the highest common factor of 483516 and 24?
12
What is the highest common factor of 248186 and 124?
62
What is the highest common divisor of 3792 and 5232?
48
Calculate the greatest common factor of 76 and 6156.
76
Calculate the greatest common divisor of 37 and 11191094.
37
What is the highest common factor of 21 and 1946049?
21
Calculate the highest common factor of 217 and 3076192.
217
Calculate the highest common factor of 522342 and 11016.
918
What is the greatest common divisor of 775 and 30845?
155
What is the highest common divisor of 686 and 1385034?
686
What is the highest common divisor of 1135 and 485780?
1135
What is the greatest common factor of 129 and 257742?
129
What is the highest common factor of 3430389 and 846?
141
Calculate the greatest common divisor of 93 and 11651412.
93
Calculate the greatest common divisor of 248275 and 50.
25
Calculate the greatest common factor of 368 and 23138.
46
What is the greatest common divisor of 2109 and 224257?
703
Calculate the greatest common factor of 130 and 137540.
130
Calculate the greatest common divisor of 498300 and 1050.
150
What is the highest common factor of 143203 and 38?
19
Calculate the greatest common divisor of 1377 and 375003.
459
Calculate the highest common divisor of 24 and 412212.
12
What is the greatest common divisor of 3841684 and 308?
308
What is the greatest common factor of 6620 and 80?
20
What is the greatest common factor of 8152163 and 34?
17
What is the highest common factor of 10 and 28430?
10
Calculate the highest common factor of 6 and 343143.
3
Calculate the highest common factor of 33410 and 260.
130
Calculate the highest common divisor of 1088 and 236776.
136
What is the greatest common factor of 848 and 154071?
53
What is the greatest common divisor of 4500 and 45090?
90
Calculate the greatest common divisor of 21983 and 19019.
247
What is the greatest common factor of 3767904 and 6272?
1568
What is the highest common divisor of 4900 and 8540?
140
Calculate the highest common factor of 50844 and 19624.
892
Calculate the highest common divisor of 252 and 7910.
14
What is the greatest common divisor of 1664 and 2600?
104
Calculate the greatest common divisor of 81 and 86157.
27
What is the greatest common divisor of 13782 and 270?
6
What is the highest common divisor of 96186 and 276?
138
What is the highest common factor of 7798 and 14?
14
Calculate the greatest common divisor of 51820 and 44.
4
Calculate the greatest common factor of 19920 and 52705.
415
Calculate the highest common divisor of 38285 and 2635.
155
Calculate the highest common divisor of 780 and 61269.
39
What is the highest common factor of 798608 and 1136?
1136
Calculate the greatest common factor of 56 and 88228.
28
What is the highest common factor of 178404 and 24?
12
Calculate the greatest common divisor of 16 and 2229.
1
Calculate the greatest common divisor of 10136 and 56.
56
Calculate the greatest common factor of 132111 and 3645.
81
What is the greatest common factor of 1245 and 1665?
15
What is the greatest common divisor of 54 and 4101030?
54
What is the highest common divisor of 176882 and 118?
118
Calculate the highest common factor of 492 and 286884.
12
What is the highest common factor of 112 and 3626?
14
Calculate the greatest common divisor of 35467 and 116.
29
What is the greatest common divisor of 2972404 and 62?
62
Calculate the greatest common divisor of 114150 and 20.
10
What is the highest common divisor of 4154 and 1072?
134
Calculate the greatest common divisor of 351 and 52169.
13
Calculate the highest common factor of 38625 and 309.
309
Calculate the greatest common divisor of 10258 and 1242.
46
Calculate the greatest common factor of 459 and 235314.
153
What is the highest common factor of 26 and 1988857?
13
What is the greatest common factor of 195952 and 5958?
662
Calculate the greatest common factor of 2795 and 102985.
215
What is the highest common factor of 228008 and 3256?
88
What is the highest common factor of 16 and 11918?
2
Calculate the greatest common divisor of 30 and 11598.
6
Calculate the highest common divisor of 210 and 3717.
21
What is the highest common factor of 13542 and 148?
74
Calculate the greatest common factor of 10868 and 1378.
26
What is the highest common factor of 630 and 40005?
315
What is the highest common divisor of 222 and 678?
6
What is the highest common divisor of 374 and 161942?
374
What is the highest common factor of 992 and 1256?
8
Calculate the greatest common factor of 456 and 84417.
57
Calculate the highest common factor of 12 and 21426.
6
Calculate the highest common factor of 1650306 and 294.
42
What is the greatest common factor of 9 and 126297?
9
What is the highest common divisor of 812 and 308?
28
Calculate the greatest common factor of 87 and 18067.
29
What is the highest common factor of 85878 and 43758?
234
Calculate the highest common divisor of 281 and 211874.
281
Calculate the greatest common factor of 1202756 and 1592.
796
Calculate the greatest common factor of 2864 and 555795.
179
Calculate the greatest common divisor of 605 and 660.
55
What is the highest common factor of 434 and 1246?
14
What is the greatest common divisor of 5892 and 85548?
12
Calculate the greatest common divisor of 52 and 365963.
13
Calculate the greatest common divisor of 155 and 283991.
31
What is the highest common factor of 7035 and 1590915?
1005
What is the highest common factor of 350116 and 65?
13
What is the highest common factor of 297 and 162459?
297
Calculate the greatest common factor of 2006130 and 30.
30
Calculate the highest common factor of 12750 and 2.
2
Calculate the highest common factor of 5390 and 24101.
77
What is the greatest common factor of 992754 and 126?
126
What is the greatest common factor of 22 and 5632?
22
Calculate the highest common factor of 78808 and 12.
4
Calculate the highest common divisor of 2383993 and 43